a multiple of 126?
False
Does 623 divide 6713448?
True
Is 215003 even?
False
Does 10 divide 621140?
True
Is 653660 a multiple of 290?
True
Is 271 a factor of 4630122?
False
Is 73 a factor of 45114?
True
Is 396 a factor of 258042?
False
Is 6 a factor of 7227?
False
Does 198 divide 66132?
True
Is 449906 a multiple of 159?
False
Is 120 a factor of 827880?
True
Is 1584780 a multiple of 15?
True
Is 280807 a multiple of 421?
True
Is 28 a factor of 302372?
True
Is 145573 a multiple of 204?
False
Does 287 divide 1162063?
True
Is 16202421 a multiple of 123?
True
Is 184896 a multiple of 43?
False
Is 117 a factor of 7336258?
False
Does 11 divide 90607?
True
Is 333638 a multiple of 80?
False
Is 67 a factor of 2900344?
False
Does 3 divide 122340?
True
Is 968040 a multiple of 6?
True
Does 175 divide 288516?
False
Is 6947439 a multiple of 92?
False
Is 146263 a multiple of 431?
False
Is 1934140 a multiple of 20?
True
Is 40 a factor of 2257444?
False
Does 2 divide 191155?
False
Is 202 a factor of 182204?
True
Is 697 a factor of 1877180?
False
Is 120498 a multiple of 151?
True
Does 4 divide 311?
False
Is 452846 a multiple of 81?
False
Does 16 divide 98406?
False
Does 72 divide 4888368?
True
Is 21 a factor of 96957?
True
Is 5668225 a multiple of 12?
False
Is 22 a factor of 971630?
True
Is 257 a factor of 400920?
True
Does 6 divide 115207?
False
Does 404 divide 2548836?
True
Does 60 divide 206640?
True
Is 788 a factor of 1003752?
False
Does 38 divide 1327872?
True
Does 76 divide 951520?
True
Is 1019007 a multiple of 9?
True
Is 158 a factor of 2734980?
True
Is 18927052 a multiple of 15?
False
Is 131 a factor of 2464241?
True
Is 35 a factor of 622055?
True
Is 139 a factor of 247346?
False
Is 2486 a factor of 9317528?
True
Is 264 a factor of 9095735?
False
Is 748992 a multiple of 752?
True
Does 7 divide 47658?
False
Is 39 a factor of 3266225?
False
Is 15 a factor of 413745?
True
Is 9 a factor of 9558?
True
Is 79 a factor of 2687769?
False
Does 66 divide 11391534?
True
Is 63889 a multiple of 37?
False
Is 15620 a multiple of 22?
True
Does 1037 divide 483242?
True
Does 24 divide 33175?
False
Is 5 a factor of 4394164?
False
Does 120 divide 675720?
True
Is 3702280 a multiple of 20?
True
Does 14 divide 3598462?
True
Is 536210 a multiple of 215?
True
Does 181 divide 2547435?
False
Does 113 divide 605087?
False
Is 2464728 a multiple of 56?
True
Is 17 a factor of 607393?
True
Is 1285107 a multiple of 756?
False
Does 211 divide 22788?
True
Does 16 divide 3081203?
False
Does 73 divide 551905?
False
Is 21 a factor of 103929?
True
Does 97 divide 3343881?
True
Does 6 divide 38949?
False
Does 1050 divide 8204495?
False
Is 83 a factor of 13927234?
True
Is 71 a factor of 85826?
False
Is 9 a factor of 265632?
False
Is 25 a factor of 3580025?
True
Is 110568 a multiple of 68?
True
Does 85 divide 157420?
True
Is 4184712 a multiple of 171?
True
Does 423 divide 909027?
True
Is 7747512 a multiple of 6?
True
Does 70 divide 550270?
True
Does 3 divide 1522281?
True
Is 58 a factor of 1057021?
False
Is 45 a factor of 985005?
True
Is 1148686 a multiple of 7?
True
Is 34350 a multiple of 12?
False
Is 47626 a multiple of 26?
False
Does 3 divide 178183?
False
Is 119420 a multiple of 14?
True
Does 10 divide 9321?
False
Is 6 a factor of 10871?
False
Is 50 a factor of 45431?
False
Is 39738 a multiple of 44?
False
Is 1069350 a multiple of 234?
False
Does 49 divide 1774218?
False
Is 496 a factor of 924893?
False
Does 29 divide 87116?
True
Is 376 a factor of 316592?
True
Does 2 divide 46841?
False
Is 693 a factor of 11535543?
False
Is 19139059 a multiple of 15?
False
Does 48 divide 967004?
False
Is 770964 a multiple of 325?
False
Does 52 divide 4024463?
False
Is 1450479 a multiple of 13?
False
Is 17967 a multiple of 53?
True
Is 111 a factor of 100229?
False
Is 105963 a multiple of 169?
True
Is 17 a factor of 515158?
False
Is 7 a factor of 5314379?
True
Is 2447656 a multiple of 3?
False
Is 10 a factor of 428160?
True
Is 77 a factor of 363728?
False
Is 269533 a multiple of 252?
False
Is 2112 a factor of 12343195?
False
Does 39 divide 296478?
True
Is 53 a factor of 1027458?
True
Is 12899 a multiple of 53?
False
Does 68 divide 30071?
False
Is 255 a factor of 628830?
True
Does 23 divide 2031048?
False
Does 17 divide 3500228?
False
Does 22 divide 57690?
False
Is 266770 a multiple of 70?
True
Is 198282 a multiple of 6?
True
Does 5 divide 3063729?
False
Is 498444 a multiple of 438?
True
Is 571753 a multiple of 31?
False
Is 55614 a multiple of 186?
True
Is 360 a factor of 128593?
False
Is 27 a factor of 112508?
False
Is 187019 even?
False
Is 77 a factor of 4358195?
False
Is 139650 a multiple of 168?
False
Is 22 a factor of 173945?
False
Does 57 divide 56701?
False
Is 3295176 a multiple of 14?
False
Does 32 divide 12421024?
True
Is 47 a factor of 74072?
True
Is 2949600 a multiple of 627?
False
Does 34 divide 848854?
False
Is 1368309 a multiple of 94?
False
Is 23168718 a multiple of 18?
True
Is 322846 even?
True
Does 509 divide 3936097?
True
Does 16 divide 1393040?
True
Is 23925 a multiple of 165?
True
Does 31 divide 222756?
False
Does 19 divide 1837362?
False
Is 3484390 a multiple of 637?
True
Does 75 divide 1365075?
True
Is 132225 a multiple of 15?
True
Is 2167958 a multiple of 5?
False
Is 15770560 a multiple of 221?
True
Is 5321607 a multiple of 49?
False
Is 3790 even?
True
Is 2174328 a multiple of 808?
True
Does 83 divide 248253?
True
Is 115 a factor of 2097600?
True
Is 15375088 a multiple of 106?
True
Is 57 a factor of 1385587?
False
Is 28 a factor of 14140?
True
Is 322686 a multiple of 144?
False
Does 78 divide 1816270?
False
Does 10 divide 160770?
True
Does 65 divide 652111?
False
Does 4 divide 16495?
False
Is 108 a factor of 376920?
True
Does 19 divide 10849328?
False
Is 64 a factor of 1495215?
False
Does 269 divide 6089583?
False
Is 35382 a multiple of 104?
False
Is 211136 a multiple of 64?
True
Is 241372 a multiple of 99?
False
Does 3 divide 990072?
True
Is 132 a factor of 128044?
False
Is 6122690 a multiple of 33?
False
Is 288879 a multiple of 410?
False
Does 6 divide 559654?
False
Does 1221 divide 373314?
False
Is 71 a factor of 57683?
False
Is 415104 a multiple of 430?
False
Is 5592003 a multiple of 122?
False
Is 79 a factor of 7255692?
False
Is 226 a factor of 2489390?
True
Is 21 a factor of 228812?
False
Is 224082 a multiple of 342?
False
Does 13 divide 14418352?
True
Is 11405107 a multiple of 45?
False
Is 402 a factor of 904769?
False
Is 89 a factor of 799665?
True
Is 30979 even?
False
Is 34 a factor of 9547?
False
Is 18 a factor of 4835916?
True
Does 166 divide 4482?
True
Is 40 a factor of 16440?
True
Is 532736 a multiple of 16?
True
Is 73 a factor of 1523656?
True
Does 7 divide 6656650?
True
Is 3144895 a multiple of 211?
False
Is 2271264 a multiple of 4?
True
Is 16091431 a multiple of 40?
False
Does 10 divide 847348?
False
Does 373 divide 88561?
False
Is 1988 a multiple of 3?
False
Is 151157 a multiple of 29?
False
Does 59 divide 7294603?
False
Is 1003466 a multiple of 12?
False
Is 4 a factor of 83266?
False
Does 9 divide 159340?
False
Does 295 divide 529013?
False
Is 1227088 a multiple of 542?
True
Is 462176 a multiple of 101?
True
Is 181395 a multiple of 435?
True
Does 198 divide 33780?
False
Is 1994752 a multiple of 32?
True
Is 433490 a multiple of 134?
True
Is 84 a factor of 4958100?
True
Does 38 divide 196916?
True
Is 240300 a multiple of 15?
True
Is 207 a factor of 262157?
False
Is 50 a factor of 5750238?
False
Is 246958 a multiple of 5?
False
Is 769 a factor of 16456963?
False
Does 55 divide 42990?
False
Is 4565390 a multiple of 10?
True
Is 104 a factor of 36328?
False
Is 212 a factor of 615749?
False
Is 374854 a multiple of 667?
True
Does 140 divide 3625580?
True
Is 11 a factor of 6303778?
False
Is 1172 a factor of 820417?
False
Is 390 a factor of 2564987?
False
Does 15 divide 53415?
True
Is 219 a factor of 1253775?
True
Is 352 a factor of 69137?
False
Does 85 divide 15536640?
True
Does 28 divide 756926?
False
Is 26 a factor of 1382082?
True
Is 18 a factor of 164258?
False
Does 478 divide 2561422?
False
Is 1641848 a multiple of 259?
False
Is 35 a factor of 44765?
True
Is 543906 a multiple of 67?
True
Is 1423 a multiple of 10?
False
Is 301 a factor of 2627278?
False
Is 6094758 a multipl